*g**2 - g + 1. Let z be i(-3). Let t = 14 + z. What is the tens digit of (-654)/t + 1/(-6)?
1
Let l be -171 - (-1 - (0 - 1)). What is the tens digit of l/6*-2 - -2?
5
What is the tens digit of 1113/1 + (-9)/(15/(-5))?
1
Let m be (1/(-2))/(1/10). Let z(a) be the third derivative of a**6/120 + a**5/12 - a**4/6 + a**3/2 - 7*a**2. What is the tens digit of z(m)?
2
Let s be (-122)/18 + 5 + (-2)/9. Let t(y) = -49*y + 7. What is the tens digit of t(s)?
0
Suppose 4225 = 12*a - 3743. What is the hundreds digit of a?
6
Let w(u) = -18 - 4*u + 14 - 45 - 11. Let l(c) = -c - 12. Let z(r) = 16*l(r) - 3*w(r). What is the tens digit of z(-9)?
2
Suppose -o = 2*o - 1650. Suppose -3*p - o = -4*t, -p - 554 = -4*t + 4*p. What is the tens digit of t?
3
Suppose 8*x + 846 - 5446 = 0. Suppose -4*g = -x + 11. What is the units digit of g?
1
Suppose -3*b = p + p - 7, 0 = -5*p + b + 43. Let l be 348/p*16/6. Suppose 8 = -4*x + l. What is the tens digit of x?
2
Suppose 0 = -2*p - 12 + 10. Let h be (-4)/1 - (-4)/p. What is the tens digit of (-124)/(-2)*(-4)/h?
3
Let n be (-2)/1 + 0 + 15. Let d be (10 - n)/((-2)/2). Suppose 94 = d*c - 4*o, -38 = -4*c + 5*o + 87. What is the units digit of c?
0
Suppose m - 141 = 3*b + 2*b, 0 = 5*m - 5*b - 665. What is the hundreds digit of m?
1
Let i = 1140 + -1094. What is the tens digit of i?
4
Let j = 932 - -1206. What is the tens digit of j?
3
Let z(p) = 2*p**2 - 10*p - 11. Let o = -25 - -33. Let m be z(o). Suppose -d = -3, 4*y + 4*d - m = 171. What is the tens digit of y?
4
Suppose 27*v = 29*v - 8. Suppose -5*q + 71 = v*n, 60 = 4*n - q + 7. What is the tens digit of n?
1
Suppose 5 = -g, 6*l - 2*l + 3*g = 113. Suppose -b - 4*x - l = -3*b, x = -4. What is the units digit of b?
8
Let n(f) = -f**2 - f + 1. Let d be n(0). Suppose 5 = 3*g - 4*p - 20, p = -d. Let i = 8 - g. What is the units digit of i?
1
Let v(q) be the third derivative of -q**5/10 - q**4/8 + q**3/6 + 5*q**2. Let a be v(3). Let x = -26 - a. What is the units digit of x?
6
Let d(v) = -3*v**2 + 14*v**2 - 8*v**2 - 14 - v. What is the tens digit of d(-7)?
4
Suppose 2*s = c - 30 + 7, 4*s + 44 = 4*c. What is the tens digit of (-2 + (-14)/(-4))/(s/(-664))?
8
Let x(r) = -r**3 - 6*r**2 - 3*r - 8. Let f be x(-6). Suppose -4*z + 38 - f = 0. What is the units digit of z?
7
Let l = 83 + -85. What is the units digit of 137/2 + 1/l?
8
Let j be (2 - 3/2)*-876. Let l = j - -252. What is the units digit of l/(-4)*(-2)/(-3)?
1
Let r(x) = x. Let d(a) = -86*a - 3. Let t(j) = d(j) - 6*r(j). What is the units digit of t(-1)?
9
Suppose -3*p - 4*d + 4277 = 0, -2*p + 2155 = 4*d - 703. What is the tens digit of p?
1
Let r = 103 - 144. Let z = 6 - r. What is the tens digit of z?
4
Let r be (3/(-2) + 0)*-2 + 15. What is the hundreds digit of 1983/r - (-4)/(-24)?
1
Suppose 0 = -6*u - 63 + 81. Suppose -u*r = -2*r - 128. What is the hundreds digit of r?
1
Let d = 1738 + -1314. What is the tens digit of d?
2
Suppose -a - 4 + 5 = 4*d, 3*d + a = 1. Let i be 1 + 1 - (-1 + 2)*-3. Suppose 6*l - 3*l - 4*f = 91, -2*l - i*f + 30 = d. What is the tens digit of l?
2
Suppose -3*i - 20 = -5*p - 8, 5*p - 20 = -5*i. Suppose 26 = -p*w - 2*f, w + 10 = -w - 5*f. Let a(b) = b**3 + 9*b**2 - 10*b + 6. What is the units digit of a(w)?
6
Suppose -2*p = 3 - 35. Suppose 8*x = 4*x + p. What is the units digit of x?
4
Let c be (-2)/(((-2)/1)/1)*5. What is the units digit of c + (1 - 4 - -28)?
0
Let g(f) be the first derivative of -7*f**2/2 - 2*f + 2. Suppose -4*m - 6 - 6 = 0. What is the tens digit of g(m)?
1
Let y = -2967 + 4616. What is the hundreds digit of y?
6
Suppose -4832 = -5*g + g. What is the units digit of g?
8
Suppose -185 = -14*o + 9*o. Suppose 45 = -32*l + o*l. What is the units digit of l?
9
Let u(d) = -7*d**3 - 10*d - 12. What is the tens digit of u(-2)?
6
Let z be (-2)/5 - (-4)/10. Let m(k) = -k**3 - k**2 + 10. Let n be m(z). What is the units digit of (n/4)/(6/36)?
5
Let c(z) = z**2 - 8*z + 4. Let s be -3 - (-11 - 2/1). Let x be c(s). Suppose -x = -f - 3*b, 10 = 3*b - b. What is the units digit of f?
9
Let h be (-1687)/(-49) - (-8)/14. Let b = 0 + h. What is the units digit of b?
5
Suppose 5*v = h + 25, 4*h + h = 4*v - 20. Suppose 4*c - 4 = h, -3*r - 3*c = -6*c - 171. What is the tens digit of r?
5
Let a be -8 - -4 - (10 + -1). What is the tens digit of (9 + 3)*a/(-4)?
3
Let m = 868 + -804. What is the tens digit of m?
6
Let l(j) = -j**2 + 15*j + 3. Let c be l(15). Suppose -5*a - 25 = 0, 6*w - 4*w = c*a + 115. What is the units digit of w?
0
Let r be (-41)/(-7) - 10/(-70). Let c(w) = w - 12. Let p be c(r). Let s(h) = -h**3 - 4*h**2 + 5*h - 10. What is the units digit of s(p)?
2
Suppose 4854 = 6*d - 1146. Suppose -4*y = 2*n + n - d, 0 = -2*n - 4*y + 664. What is the units digit of n?
6
Let x = 4 - -7. Let h(p) = 5*p**2 - 2*p**3 + 3*p**3 + 5*p - 6 + 1 + x. What is the units digit of h(-4)?
2
Suppose 2*n = 6*n. Suppose 3*c - h - 32 = 15, 4*c + 3*h - 80 = n. What is the tens digit of c?
1
Let m = 4728 - 2394. What is the units digit of m?
4
Suppose -3*z + 0*h + 4*h = 40, 5*h - 20 = 0. Let q be (100/(-8))/(4/z). Suppose -4*o = 2*m - 40, 0 = -2*m + 3*o - 2*o + q. What is the tens digit of m?
1
Let i(r) = r**2 + 5*r + 16. Let c be i(-11). Suppose -4*z - 8 = 8, h = -5*z + c. What is the hundreds digit of h?
1
Suppose 363*f - 353*f - 7680 = 0. What is the tens digit of f?
6
Suppose -z - 13 = -110. Let m = 327 - 191. Let g = m - z. What is the units digit of g?
9
Suppose 5 = -4*r + 21. Let l = 7 - r. Suppose 2*v - 3*v - 41 = -4*p, l*v = p - 13. What is the units digit of p?
0
Suppose 4*f - 4*o - 19 - 25 = 0, -4*o = 3*f - 47. Suppose 3*y + 1 = f. Suppose y*m + 83 = 3*r, r - 5*m - 13 = 33. What is the tens digit of r?
2
Suppose 8*h = -3*w + 3*h, 4*w = 4*h. Suppose 2*x + 5*x - 952 = w. What is the units digit of x?
6
Let z = 170 + -66. What is the hundreds digit of z?
1
Let n = 20 + -19. Let p(r) = 28*r + 2. What is the units digit of p(n)?
0
Suppose -5*p = -3*z - 2*z - 6010, 3*p + 5*z - 3566 = 0. Suppose -4*r + 1217 = -m, 20*r - 16*r = -3*m + p. What is the hundreds digit of r?
3
Let m(g) be the first derivative of -3 + 1/3*g**3 - 12*g + 0*g**2. What is the tens digit of m(5)?
1
Let o be 3/7 - 22/(-14). Suppose -3*s + 2*h = -13, s + o = -s - 4*h. What is the units digit of 3/(3/47) - s?
4
Let f(q) be the second derivative of q**4/3 + q**3/3 + 3*q**2 + 7*q. What is the tens digit of f(3)?
4
Let v(r) = -2*r**2 + 19*r + 32. Let t(y) = 3*y**2 - 19*y - 33. Let g(a) = -3*t(a) - 4*v(a). What is the units digit of g(-12)?
5
Let f = 925 - 295. What is the tens digit of f?
3
Let d be 308/(-6) - 12/(-36). Let z = 41 - d. What is the units digit of z?
2
Suppose -314 = -4*p - 2*f, f + 3 = 4. Let x(s) = -s + 2. Let c be x(-1). Suppose c*i = 6*i - p. What is the tens digit of i?
2
Suppose 0 = 5*f + 3*o - 1243, 3*f - 2*f + 4*o - 235 = 0. Let y = f - 124. What is the units digit of y?
7
Suppose 9 - 15 = -3*g. What is the tens digit of (5/g)/((-4)/(-152))?
9
Suppose 0 = 2*i + 8, -656 = -4*t + 5*i. Suppose x = -58 + t. What is the tens digit of x?
0
Suppose -6*g + 1983 + 195 = 0. What is the tens digit of g?
6
Let n(g) = -g**2 - g + 3. Let h be n(0). Suppose -40 = -z + 52. Suppose 0*m = h*m - 5*b - z, -5*m - 2*b = -143. What is the tens digit of m?
2
Suppose -2*k + 2*q = -36, k - q - 3*q - 27 = 0. Let a(b) = 11*b - 53. What is the units digit of a(k)?
2
Let r be ((-46)/(-4))/(5/10). Suppose -j - 1 = -i, -3*j - r = 2*j + 4*i. What is the tens digit of 94/8 + j/4?
1
Let j be (-2)/4*-1*2. Suppose 0 = 3*u + u - 116. What is the units digit of u - 6 - (-3)/j?
6
Let t(p) = p**2 - 6*p + 1. Let f be t(7). Suppose -2*b + 3*d + 1 = -0*d, f = 4*b - 4*d. Let x = 22 - b. What is the tens digit of x?
1
Let p = 118 + 12. Let k = p - 63. What is the tens digit of k?
6
Let o = 6 - 4. Let y(p) = -p + 14. Let z be y(13). Let f = o + z. What is the units digit of f?
3
Suppose -6 = h - 4. Let i(s) = -52*s - 6. What is the tens digit of i(h)?
9
Let o(l) = l**2 + l + 51. Let t be o(0). Let c = t + -73. Let r = c + 43. What is the units digit of r?
1
Suppose 5*h - 2*h - 3129 = 0. What is the thousands digit of h?
1
Let p = -57 - -34. Let q = p - -28. Let x = 24 + q. What is the units digit of x?
9
Let w(b) = 13*b**3 + 2*b**2 - 3*b + 1. Suppose 2*u + 56 = 6*u. Suppose